 4122?
2, 3, 229
List the prime factors of 3683.
29, 127
List the prime factors of 773.
773
List the prime factors of 305.
5, 61
List the prime factors of 10392.
2, 3, 433
What are the prime factors of 40649?
7, 5807
List the prime factors of 1882.
2, 941
List the prime factors of 177609.
3, 73, 811
What are the prime factors of 12122?
2, 11, 19, 29
What are the prime factors of 3244?
2, 811
List the prime factors of 464.
2, 29
List the prime factors of 6883.
6883
What are the prime factors of 5831?
7, 17
List the prime factors of 6463.
23, 281
List the prime factors of 134.
2, 67
List the prime factors of 1221.
3, 11, 37
List the prime factors of 57664.
2, 17, 53
What are the prime factors of 777?
3, 7, 37
List the prime factors of 29571.
3, 9857
What are the prime factors of 25589?
25589
What are the prime factors of 5255?
5, 1051
List the prime factors of 1502.
2, 751
What are the prime factors of 8910?
2, 3, 5, 11
List the prime factors of 3458.
2, 7, 13, 19
List the prime factors of 452.
2, 113
List the prime factors of 14575.
5, 11, 53
What are the prime factors of 3444?
2, 3, 7, 41
What are the prime factors of 7831?
41, 191
What are the prime factors of 3755?
5, 751
List the prime factors of 1117.
1117
List the prime factors of 635.
5, 127
List the prime factors of 1983.
3, 661
What are the prime factors of 10222?
2, 19, 269
List the prime factors of 2516.
2, 17, 37
What are the prime factors of 5284?
2, 1321
List the prime factors of 3053.
43, 71
List the prime factors of 78207.
3, 131, 199
What are the prime factors of 636?
2, 3, 53
What are the prime factors of 183?
3, 61
List the prime factors of 70376.
2, 19, 463
What are the prime factors of 76551?
3, 17, 19, 79
What are the prime factors of 2057?
11, 17
List the prime factors of 1681.
41
List the prime factors of 10787.
7, 23, 67
List the prime factors of 73772.
2, 18443
List the prime factors of 2535.
3, 5, 13
List the prime factors of 81908.
2, 20477
What are the prime factors of 5407?
5407
List the prime factors of 64411.
41, 1571
List the prime factors of 5323.
5323
What are the prime factors of 769?
769
List the prime factors of 1664.
2, 13
List the prime factors of 2002.
2, 7, 11, 13
List the prime factors of 3423.
3, 7, 163
What are the prime factors of 193182?
2, 3, 11, 2927
What are the prime factors of 3556?
2, 7, 127
What are the prime factors of 90072?
2, 3, 139
What are the prime factors of 400?
2, 5
What are the prime factors of 118114?
2, 73, 809
What are the prime factors of 3229?
3229
What are the prime factors of 784?
2, 7
List the prime factors of 13.
13
What are the prime factors of 92998?
2, 46499
List the prime factors of 3596.
2, 29, 31
List the prime factors of 1871.
1871
What are the prime factors of 131465?
5, 26293
List the prime factors of 3139.
43, 73
List the prime factors of 69506.
2, 23, 1511
List the prime factors of 1329.
3, 443
List the prime factors of 23116.
2, 5779
List the prime factors of 2936.
2, 367
List the prime factors of 6240.
2, 3, 5, 13
List the prime factors of 32095.
5, 7, 131
What are the prime factors of 37708?
2, 11, 857
What are the prime factors of 6428?
2, 1607
What are the prime factors of 18898?
2, 11, 859
List the prime factors of 27549.
3, 3061
List the prime factors of 4755.
3, 5, 317
List the prime factors of 33152.
2, 7, 37
List the prime factors of 90131.
193, 467
List the prime factors of 31837.
13, 31, 79
List the prime factors of 6615.
3, 5, 7
What are the prime factors of 9386?
2, 13, 19
What are the prime factors of 2668?
2, 23, 29
List the prime factors of 880.
2, 5, 11
What are the prime factors of 776?
2, 97
List the prime factors of 15348.
2, 3, 1279
What are the prime factors of 938?
2, 7, 67
What are the prime factors of 70812?
2, 3, 7, 281
List the prime factors of 548.
2, 137
What are the prime factors of 26?
2, 13
List the prime factors of 1300.
2, 5, 13
What are the prime factors of 10509?
3, 31, 113
List the prime factors of 7713.
3, 857
What are the prime factors of 652?
2, 163
List the prime factors of 36569.
13, 29, 97
List the prime factors of 12174.
2, 3, 2029
List the prime factors of 31564.
2, 13, 607
What are the prime factors of 2210?
2, 5, 13, 17
List the prime factors of 4640.
2, 5, 29
What are the prime factors of 289?
17
What are the prime factors of 802?
2, 401
What are the prime factors of 1424?
2, 89
List the prime factors of 7177.
7177
What are the prime factors of 4624?
2, 17
What are the prime factors of 1210?
2, 5, 11
List the prime factors of 619.
619
List the prime factors of 4891.
67, 73
What are the prime factors of 33095?
5, 6619
What are the prime factors of 3990?
2, 3, 5, 7, 19
List the prime factors of 24196.
2, 23, 263
List the prime factors of 12434.
2, 6217
List the prime factors of 4945.
5, 23, 43
List the prime factors of 203.
7, 29
List the prime factors of 131603.
101, 1303
What are the prime factors of 30725?
5, 1229
List the prime factors of 987.
3, 7, 47
List the prime factors of 7100.
2, 5, 71
List the prime factors of 699.
3, 233
List the prime factors of 8423.
8423
List the prime factors of 26849.
26849
List the prime factors of 1134.
2, 3, 7
What are the prime factors of 5897?
5897
What are the prime factors of 1044?
2, 3, 29
List the prime factors of 6200.
2, 5, 31
What are the prime factors of 17229?
3, 5743
List the prime factors of 63310.
2, 5, 13, 487
List the prime factors of 40554.
2, 3, 751
List the prime factors of 1467.
3, 163
List the prime factors of 67447.
67447
List the prime factors of 259.
7, 37
What are the prime factors of 6726?
2, 3, 19, 59
List the prime factors of 772.
2, 193
List the prime factors of 850.
2, 5, 17
List the prime factors of 1194.
2, 3, 199
List the prime factors of 1040.
2, 5, 13
What are the prime factors of 4685?
5, 937
List the prime factors of 1928.
2, 241
List the prime factors of 20338.
2, 10169
List the prime factors of 1267.
7, 181
List the prime factors of 1010.
2, 5, 101
What are the prime factors of 12777?
3, 4259
What are the prime factors of 580?
2, 5, 29
What are the prime factors of 4590?
2, 3, 5, 17
List the prime factors of 2595.
3, 5, 173
List the prime factors of 10001.
73, 137
List the prime factors of 4159.
4159
List the prime factors of 2686.
2, 17, 79
What are the prime factors of 1749?
3, 11, 53
What are the prime factors of 121179?
3, 31, 1303
What are the prime factors of 51950?
2, 5, 1039
List the prime factors of 6158.
2, 3079
What are the prime factors of 2297?
2297
List the prime factors of 31854.
2, 3, 5309
List the prime factors of 29202.
2, 3, 31, 157
List the prime factors of 44666.
2, 23, 971
What are the prime factors of 651?
3, 7, 31
List the prime factors of 1836.
2, 3, 17
List the prime factors of 10519.
67, 157
What are the prime factors of 4512?
2, 3, 47
List the prime factors of 44729.
44729
What are the prime factors of 6257?
6257
List the prime factors of 2455.
5, 491
List the prime factors of 25204.
2, 6301
What are the prime factors of 2412?
2, 3, 67
What are the prime factors of 5918?
2, 11, 269
What are the prime factors of 209?
11, 19
What are the prime factors of 12586?
2, 7, 29, 31
List the prime factors of 3762.
2, 3, 11, 19
What are the prime factors of 2161?
2161
What are the prime factors of 143008?
2, 41, 109
What are the prime factors of 4039?
7, 577
What are the prime factors of 26367?
3, 11, 17, 47
List the prime factors of 63142.
2, 131, 241
What are the prime factors of 14532?
2, 3, 7, 173
List the prime factors of 40048.
2, 2503
List the prime factors of 14373.
3, 1597
List the prime factors of 6087.
3, 2029
What are the prime factors of 20614?
2, 11, 937
What are the prime factors of 1981?
7, 283
What are the prime factors of 1817?
23, 79
What are the prime factors of 6419?
7, 131
List the prime factors of 3818.
2, 23, 83
List the prime factors of 9273.
3, 11, 281
List the prime factors of 2572.
2, 643
List the prime factors of 1548.
2, 3, 43
List the prime factors of 21803.
21803
What are the prime factors of 9748?
2, 2437
What are the prime factors of 722?
2, 19
What are the prime factors of 9645?
3, 5, 643
What are the prime factors of 19544?
2, 7, 349
What are the prime factors of 5238?
2, 3, 97
List the prime factors of 6220.
2, 5, 311
What are the p